3
-23 (base 11) to base 5
-100
What is 10 (base 3) in base 8?
3
Convert -120 (base 9) to base 16.
-63
Convert -3 (base 15) to base 5.
-3
What is 3 (base 7) in base 9?
3
What is -4 (base 10) in base 7?
-4
-26 (base 9) to base 15
-19
What is -10 (base 5) in base 9?
-5
What is 22a (base 12) in base 4?
11002
2 (base 13) to base 3
2
What is 0 (base 5) in base 12?
0
2110 (base 3) to base 4
1002
What is 6 (base 7) in base 15?
6
What is b (base 12) in base 6?
15
Convert 2 (base 10) to base 6.
2
Convert 7 (base 13) to base 12.
7
What is -1 (base 14) in base 7?
-1
-3 (base 14) to base 6
-3
What is 7 (base 12) in base 15?
7
What is 72 (base 15) in base 14?
79
64 (base 13) to base 11
75
Convert 2 (base 3) to base 2.
10
What is -3b (base 13) in base 8?
-62
What is b4 (base 15) in base 6?
441
Convert 0 (base 15) to base 12.
0
What is a (base 16) in base 7?
13
-2 (base 12) to base 9
-2
Convert 25 (base 7) to base 6.
31
What is 82 (base 15) in base 2?
1111010
What is -4 (base 9) in base 6?
-4
Convert 14 (base 10) to base 8.
16
27 (base 8) to base 4
113
-32 (base 16) to base 3
-1212
Convert -11 (base 4) to base 6.
-5
1c (base 14) to base 15
1b
Convert 103 (base 9) to base 15.
59
10 (base 4) to base 16
4
What is -222 (base 4) in base 9?
-46
11022 (base 3) to base 14
84
2 (base 3) to base 2
10
Convert -1 (base 3) to base 7.
-1
What is 11 (base 9) in base 3?
101
Convert 172 (base 8) to base 12.
a2
7 (base 10) to base 14
7
Convert -4 (base 14) to base 6.
-4
What is -25 (base 12) in base 15?
-1e
What is -3 (base 15) in base 7?
-3
-2 (base 15) to base 4
-2
Convert 46 (base 8) to base 9.
42
Convert 54 (base 10) to base 6.
130
What is -11030 (base 4) in base 13?
-1c7
Convert 10 (base 2) to base 12.
2
124 (base 7) to base 9
74
What is 401 (base 7) in base 4?
3011
-30 (base 4) to base 2
-1100
Convert -5b (base 14) to base 9.
-100
2d (base 15) to base 5
133
Convert 534 (base 6) to base 8.
312
Convert -11101 (base 2) to base 10.
-29
What is -17 (base 14) in base 11?
-1a
Convert 214 (base 8) to base 15.
95
-20 (base 3) to base 15
-6
What is 1 (base 15) in base 4?
1
-1 (base 12) to base 5
-1
Convert -23 (base 7) to base 16.
-11
Convert 3 (base 14) to base 3.
10
Convert -13 (base 5) to base 6.
-12
What is 3 (base 4) in base 5?
3
Convert -11 (base 13) to base 16.
-e
What is -1 (base 14) in base 4?
-1
What is -57 (base 9) in base 11?
-48
What is 2 (base 8) in base 13?
2
Convert -3 (base 15) to base 5.
-3
What is 2 (base 12) in base 11?
2
32 (base 7) to base 6
35
What is -4 (base 11) in base 3?
-11
Convert 73 (base 9) to base 5.
231
Convert 3 (base 10) to base 9.
3
What is -7 (base 9) in base 8?
-7
What is 1 (base 8) in base 15?
1
What is 102 (base 7) in base 3?
1220
8 (base 16) to base 2
1000
5 (base 15) to base 7
5
What is 0 (base 16) in base 6?
0
Convert -9 (base 12) to base 16.
-9
What is 43 (base 14) in base 16?
3b
What is 3 (base 8) in base 16?
3
Convert -1d (base 14) to base 9.
-30
What is -3 (base 13) in base 8?
-3
What is 15 (base 15) in base 10?
20
Convert 26 (base 10) to base 11.
24
What is 286 (base 11) in base 3?
110110
Convert -1 (base 8) to base 5.
-1
What is 11 (base 12) in base 14?
d
What is 146 (base 9) in base 6?
323
Convert -2 (base 11) to base 16.
-2
Convert 1 (base 5) to base 10.
1
12 (base 5) to base 9
7
Convert 0 (base 9) to base 15.
0
What is -101 (base 2) in base 6?
-5
What is 5 (base 10) in base 16?
5
What is 18 (base 9) in base 7?
23
What is -10021 (base 3) in base 15?
-5d
-9 (base 16) to base 4
-21
Convert -ad (base 16) to base 4.
-2231
130 (base 5) to base 11
37
What is -10 (base 4) in base 12?
-4
What is -283 (base 9) in base 12?
-179
-10001101 (base 2) to base 15
-96
Convert -39 (base 15) to base 16.
-36
What is -55 (base 8) in base 12?
-39
-4 (base 9) to base 15
-4
-12 (base 5) to base 12
-7
2 (base 3) to base 8
2
1 (base 6) to base 16
1
11 (base 14) to base 3
120
b8 (base 12) to base 15
95
Convert 240 (base 5) to base 13.
55
-151 (base 6) to base 14
-4b
What is -141 (base 8) in base 4?
-1201
-20100 (base 3) to base 11
-146
Convert -101122 (base 3) to base 12.
-1bb
-70 (base 13) to base 4
-1123
Convert -b (base 12) to base 9.
-12
Convert 12 (base 9) to base 15.
b
6 (base 16) to base 11
6
Convert 3 (base 15) to base 11.
3
3 (base 5) to base 7
3
What is -15 (base 7) in base 9?
-13
What is -2002 (base 4) in base 10?
-130
What is b (base 14) in base 9?
12
Convert -34 (base 14) to base 6.
-114
What is -10 (base 2) in base 3?
-2
Convert -e (base 16) to base 12.
-12
What is 4 (base 7) in base 5?
4
6 (base 15) to base 13
6
Convert 0 (base 9) to base 3.
0
-3a (base 12) to base 5
-141
Convert -22121 (base 3) to base 2.
-11101000
Convert -4 (base 14) to base 6.
-4
What is -2 (base 16) in base 10?
-2
What is -13 (base 16) in base 14?
-15
Convert 4 (base 8) to base 12.
4
What is 5 (base 7) in base 13?
5
-6 (base 15) to base 3
-20
Convert -1101 (base 2) to base 10.
-13
Convert -17 (base 9) to base 4.
-100
Convert 0 (base 11) to base 15.
0
Convert 24 (base 5) to base 10.
14
What is -12 (base 3) in base 8?
-5
What is 5 (base 12) in base 7?
5
What is 0 (base 7) in base 3?
0
Convert -ec (base 16) to base 5.
-1421
What is -50 (base 11) in base 4?
-313
2 (base 9) to base 4
2
What is -27 (base 8) in base 12?
-1b
Convert -1 (base 7) to base 10.
-1
220 (base 3) to base 6
40
Convert -2 (base 5) to base 3.
-2
-2 (base 7) to base 11
-2
Convert -5 (base 14) to base 9.
-5
-1010 (base 2) to base 8
-12
453 (base 9) to base 6
1420
What is -31 (base 16) in base 8?
-61
What is -175 (base 9) in base 11?
-126
12 (base 10) to base 14
c
Convert -1120 (base 3) to base 10.
-42
What is 4 (base 5) in base 8?
4
Convert -20 (base 4) to base 15.
-8
Convert 33 (base 14) to base 3.
1200
Convert 4 (base 12) to base 3.
11
3 (base 10) to base 2
11
0 (base 8) to base 5
0
163 (base 7) to base 15
64
-2c (base 16) to base 11
-40
What is a (base 15) in base 12?
a
-101 (base 2) to base 16
-5
Convert -11 (base 12) to base 14.
-d
-2 (base 16) to base 15
-2
What is 3 (base 14) in base 7?
3
Convert 10001 (base 3) to base 10.
82
Convert -2 (base 16) to base 11.
-2
What is -2 (base 5) in base 14?
-2
Convert -1 (base 11) to base 16.
-1
What is -5 (base 14) in base 5?
-10
16 (base 12) to base 8
22
What is 21 (base 8) in base 3?
122
Convert -5 (base 7) to base 4.
-11
Convert 0 (base 3) to base 11.
0
-2 (base 10) to base 15
-2
What is -135 (base 6) in base 16?
-3b
-10 (base 4) to base 10
-4
176 (base 15) to base 8
520
What is -27 (base 13) in base 8?
-41
-c (base 16) to base 5
-22
Convert -2133 (base 4) to base 13.
-c3
What is -1 (base 6) in base 14?
-1
0 (base 11) to base 5
0
What is 3 (base 11) in base 12?
3
Convert -43 (base 5) to base 2.
-10111
104 (base 5) to base 12
25
Convert 3d (base 15) to base 6.
134
Convert 6 (base 12) to base 16.
6
Convert -32 (base 10) to base 16.
-20
Convert 10 (base 9) to base 11.
9
-12 (base 4) to base 9
-6
311 (base 10) to base 7
623
31 (base 6) to base 11
18
-135 (base 9) to base 6
-305
Convert 2 (base 8) to base 5.
2
2 (base 5) to base 3
2
-12 (base 7) to base 2
-1001
200 (base 3) to base 2
10010
What is -1 (base 3) in base 6?
-1
b2 (base 15) to base 10
167
What is -7 (base 16) in base 14?
-7
Convert 43 (base 5) to base 15.
18
What is 11 (base 7) in base 12?
8
What is 13 (base 7) in base 10?
10
-2 (base 15) to base 16
-2
Convert -2132 (base 4) to base 10.
-158
Convert -10 (base 13) to base 9.
-14
18 (base 16) to base 15
19
Convert c (base 14) to base 5.
22
25 (base 13) to base 15
21
1011 (base 2) to base 12
b
-214 (base 7) to base 11
-9a
-1 (base 12) to base 8
-1
What is -420 (base 6) in base 8?
-234
Convert 101 (base 2) to base 5.
10
Convert 132 (base 7) to base 6.
200
-6 (base 9) to base 7
-6
-10 (base 3) to base 16
-3
-35 (base 6) to base 7
-32
13 (base 13) to base 9
17
What is -14 (base 12) in base 16?
-10
Convert 6 (base 7) to base 5.
11
What is -141 (base 8) in base 16?
-61
Convert -100 (base 2) to base 9.
-4
What is -7 (base 14) in base 8?
-7
What is 11211 (base 3) in base 13?
a0
Convert -1000 (base 2) to base 16.
-8
-1 (base 12) to base 9
-1
Convert 40 (base 10) to base 9.
44
What is -39 (base 15) in base 7?
-105
What is 10 (base 12) in base 11?
11
What is a (base 15) in base 6?
14
7 (base 8) to base 4
13
0 (base 7) to base 6
0
What is -81 (base 11) in base 14?